 + 2*a = 17, -5*c + 3 = 4*a - 28. Let p(q) = -q**2 + 3*q**2 - c*q**2 + 5*q + 1. Give p(l).
1
Let z = 0 + 2. Let t(w) = -7*w - w**3 - w**2 + z*w + 7*w**2 - 3. Determine t(5).
-3
Let s(t) = t**3 + 7*t**2 - 8*t + 4. Let x be s(-8). Let m(f) = 1 + 0 - 2 - x*f**3 - 2*f. What is m(-1)?
5
Suppose 5*r - 5 + 55 = 0. Let n be (-3)/2*r/3. Suppose -n = -h - 1. Let x(b) = 3*b - 4. What is x(h)?
8
Let a(r) = 3*r**2 - 4*r + 4. Let x(u) = 4*u**2 - 4*u + 5. Let k = 3 - 0. Let w(p) = k*a(p) - 2*x(p). Let d = 5 + -3. Determine w(d).
-2
Suppose 2*j - 22 = 2. Suppose 3*o - j = -3*r, -3*r - 5*o + 23 - 5 = 0. Let y(q) = -2 - 6*q + 2. Give y(r).
-6
Let w be (4/5)/(8/(-60)). Let z(g) = g**3 + 5*g**2 - 7*g - 4. Determine z(w).
2
Let c(a) be the second derivative of -a**5/20 - a**4/3 + 5*a**3/6 - 5*a**2/2 - 8*a. What is c(-5)?
-5
Let n(t) = -t**2 - 8*t - 5. Let i be (-42)/(-4)*6/(-9). Let r be n(i). Let h(w) be the first derivative of w**3/3 - w**2 + 3*w - 1. Determine h(r).
3
Let h(w) = 2 + 5*w + 3 - 17*w**2 + 16*w**2. Suppose 0 = -a - u + 5*u - 13, -19 = -2*a - u. Suppose -k - a = -3*k - 3*i, k = -3*i + 2. Determine h(k).
5
Let x(r) = r - 2. Let c be x(3). Let j(z) = -1 + 0*z + 2*z + 3*z**2 + 4*z**3 - 5*z**2. Calculate j(c).
3
Let p(o) = -5*o**2 + 17*o + 11. Let d(g) = 3*g**2 - 9*g - 6. Let j(l) = -7*d(l) - 4*p(l). Calculate j(-4).
2
Suppose -3*a + 18 = -12*a. Let q(o) = o**2 + 3*o + 2. What is q(a)?
0
Suppose 22 = 6*l - 3*l - 2*u, 2*l - 4*u = 20. Let g(p) = -p**2 + 4*p - 2. Determine g(l).
-14
Let h(x) = -8*x + 4*x + 3*x. Determine h(1).
-1
Let t(d) be the second derivative of -d**4/12 + 3*d**3/2 - 3*d**2/2 - 41*d. Let h = -8 + 13. Give t(h).
17
Let q(b) be the second derivative of b**5/20 + b**2 + 9*b. Give q(2).
10
Let k = 12 - 8. Let g(o) = o**3 - 4*o**2 + 3*o - 3. Give g(k).
9
Let z be 18*(4 + (-1 - (-32)/(-12))). Let a(u) = u**2 - 7*u + 9. What is a(z)?
3
Suppose 0*r - 2*w = 3*r - 11, 0 = 3*w + 6. Suppose 4*u - 2 = 2. Let s(y) = 3*y - 4*y + 2*y + u. Determine s(r).
6
Let d(w) = -20*w**2 + 2*w - 3. Let m(i) = -20*i**2 + 3*i - 5. Let z(b) = -3*d(b) + 2*m(b). What is z(-1)?
19
Suppose 5*w - 4*w = 4. Suppose -3*o = -6 - 0. Let k(y) = 4 + o - 1 - 2*y. What is k(w)?
-3
Let a be (-54)/(-12) - (-1 - 3/(-6)). Let j = -2 - -6. Let f(c) = -1 - 3*c + 0*c - j + c**2. Calculate f(a).
5
Let k be 2 - (-2 - (1 - -1)). Let h be (-135)/18*(-4)/k. Let d(g) = -g**2 + 4*g - 4. What is d(h)?
-9
Let i(y) = 13*y**3 + 22*y**2 + 7*y - 14. Let g(x) = 7*x**3 + 11*x**2 + 3*x - 7. Let d(o) = -11*g(o) + 6*i(o). What is d(-10)?
3
Suppose -2*i + 15 = 3*q, 0 = q - 4*i - 5 - 0. Suppose -2*m - q*z = -1, -3*z = 4*m + 7 - 2. Let s(g) = g**3 + 3*g**2 - g - 2. Give s(m).
4
Suppose 4*n + n = 0. Suppose -4*a + 4*w = 20, n = 4*a - 2*w + w + 14. Let u be (-2)/a*(-15)/(-2). Let z(t) = -2*t + 3. Determine z(u).
-7
Let j(r) = 4*r**3 + 7*r**2 + 3*r + 2. Let p be 3 + -4 + 6 + 0. Let w(g) = 3*g**3 + 6*g**2 + 3*g + 1. Let k(o) = p*w(o) - 4*j(o). What is k(2)?
3
Let l(r) = -2*r - 2. Suppose -4*d + 5*t = -6*d + 4, -3*d + 5*t + 6 = 0. Let u be (d - (-3 + -1))/2. What is l(u)?
-8
Let b(f) = -7*f - 23. Let z be b(-4). Let t(n) = n**3 - 5*n**2 - n + 2. Determine t(z).
-3
Let d(q) = -1 + 7 - 2*q - 5. Let g = 1 + -3. Calculate d(g).
5
Let o(m) = 0*m**2 + m**2 - 19 + 16 + 3*m + 2*m**2. Determine o(-3).
15
Suppose y = 2 - 0. Let u(d) = -3*d**3 + 6*d**2 + 7. Let i(z) = 4*z**3 - 7*z**2 - z - 8. Let p(g) = -4*i(g) - 5*u(g). Give p(y).
-11
Let t(v) be the third derivative of v**4/24 - v**3/6 + v**2 - 13. Give t(9).
8
Let r(p) = p**3 + p**2 - p + 18. Let c be ((-21)/(-12))/(-7) + (-3)/(-12). Determine r(c).
18
Let z(w) = -2*w**3 - 4*w**2 - 4*w - 2. Let i be z(-2). Let n(t) = 5*t**2 - t - 3. Let x(h) = -h**2 + h. Let s(v) = n(v) + 6*x(v). What is s(i)?
-9
Suppose 18 = -5*p + o, 3*p - 2*o = 5*p. Let y(j) = -j**3 - 3*j**2 + 3*j + 3. Determine y(p).
-6
Let i(d) = -3*d**2. Suppose 4*f - 5 = -3*z + 5, 2*z = 4. Give i(f).
-3
Let w(r) be the third derivative of -r**6/120 + r**5/12 - r**4/8 - r**3/6 + 8*r**2. Determine w(4).
3
Suppose -2*l + 16 = -4*l. Let x be (1 + 14/l)*-8. Suppose a - x = -1. Let w(f) = f**2 - 6*f + 5. Give w(a).
0
Let x(o) be the second derivative of o**5/20 - o**4/2 - o**3/6 - o**2 + 13*o. Calculate x(6).
-8
Let r(k) = -2*k - 5. Let f(b) = -7*b - 14. Let a(d) = -6*f(d) + 17*r(d). Let y = 13 + -12. Give a(y).
7
Let k(v) = -35*v**2 + 2 - 35*v**2 + 69*v**2 - 3 + 6*v. Suppose 0*s - 12 = -2*s. Calculate k(s).
-1
Let a(r) = 5*r**2 - 6*r + 3. Let j(u) = -14*u**2 + 17*u - 8. Let g(k) = 8*a(k) + 3*j(k). Determine g(2).
-2
Let z(d) = -7*d + 5. Let a(l) = -3*l + 2. Suppose -2*y - 12 = -o + 2, -5*o + 4*y + 40 = 0. Let p(f) = o*z(f) - 9*a(f). Give p(6).
-4
Suppose c = 3*k + 10, 3*c = -4*k + 3*k. Let g(r) = -9*r**3 + r. Determine g(c).
-8
Let k(y) = -y**3 - 2*y**2 + 2*y + 2. Let c be k(-3). Suppose -3*m = m - s - 5, -3*s + 19 = c*m. Let x(h) = -3*h + m*h + 2*h. Calculate x(-4).
-4
Let u(o) = 5*o**2 - o. Let l be u(-1). Let r(w) = -6*w**3 + 2*w - 4*w**2 + l + 5*w + 5*w**3. Give r(-5).
-4
Let c(l) = 2*l**3 - l - 2*l**3 + 4*l - 3*l**2 + 3 + l**3. Suppose -4*z + 12 = -0*z. Give c(z).
12
Let j(l) be the first derivative of l**3/3 - 3*l**2 + 6*l + 3. Calculate j(5).
1
Let k = 4 - 0. Let b(z) = 4 - 3*z**2 - 54*z + 59*z + k*z**2. Calculate b(-5).
4
Let u(g) = -4 + 0 + 0 + 5 + 2*g. What is u(-1)?
-1
Let q(o) be the first derivative of -4 - 1/2*o**2 - 3*o. Determine q(-3).
0
Let x(i) = 3*i - 2 + i**2 - 9*i + 1. Let l(w) be the third derivative of -w**5/30 + w**4/2 + w**3/3 - 25*w**2. Let d(g) = 3*l(g) + 7*x(g). Give d(5).
-6
Let v be 5*1*(-24)/(-40). Let j(b) = -4 + b**2 + 3*b**3 - 3*b**v - 2*b**3 + 3*b**3. Give j(0).
-4
Let h = 6 + -8. Let p(c) = c + 1. Let r(n) = -2*n - 2. Let l(b) = h*p(b) - 2*r(b). Determine l(-4).
-6
Let p(z) be the second derivative of -z**4/12 - 7*z**3/6 + 5*z**2/2 + 4*z. Determine p(-6).
11
Let h(j) be the first derivative of j**2 + 5*j + 2. Determine h(4).
13
Let q(v) = -v - 10. Let h be q(-7). Let o(j) = j**3 + 4*j**2 + j + 1. What is o(h)?
7
Let d(f) = -f + 2. Suppose 0 = -5*c - 4*r - 18, 4*r - r = 9. Give d(c).
8
Let r(m) = -m**2 + 4*m + 5. Let x(p) = -1. Let o(b) = -r(b) - 4*x(b). Let i = 1 - 5. Let g = 9 + i. Calculate o(g).
4
Let n(a) = -9*a + 7. Let l be n(0). Let s(j) = -j + 10. Calculate s(l).
3
Let x(b) = -7*b**2 - b + 2. Let t be x(1). Let m(w) = 2*w + 3. What is m(t)?
-9
Suppose 4*x + x - 20 = 0. Let u(g) be the second derivative of g**5/60 - 5*g**4/24 + g**3/2 - g**2 + 2*g. Let y(o) be the first derivative of u(o). Give y(x).
-1
Let o = 0 - -3. Let j(s) = s - 1 - s - 3*s - 1. Determine j(o).
-11
Let k be ((-1)/(-1))/(1 + 0). Let l be -1*k/(1/3). Let g(p) be the third derivative of -p**4/24 - p**2 - 31. What is g(l)?
3
Let w(s) = s**2 - 1. Let c be w(2). Let b(k) = -k**3 - 2*k**2 + 2 - 2*k**2 + 0*k**c - 4*k + 2*k**3. What is b(5)?
7
Let u(x) = 3 - 2 + 6*x**2 - 4*x**2 + 0 + 6*x. Give u(-4).
9
Let w(z) = -3*z - 2. Let h(f) = -f + 20. Let v be h(18). Determine w(v).
-8
Let u(o) be the first derivative of -1/8*o**4 + 2/3*o**3 + 0*o**2 + 1/120*o**5 + 0*o - 1. Let x(w) be the third derivative of u(w). Determine x(5).
2
Suppose 2*d - 20 = -4*x, 4*d + 6 - 42 = -4*x. Suppose 5*s - d = s. Let z(p) = -3*p - 1. Calculate z(s).
-7
Let g(c) = 5*c - 4. Let w(u) = -14*u + 13. Let n(s) = 17*g(s) + 6*w(s). Give n(-8).
2
Suppose -4 - 1 = -s. Let y(t) = -s*t + 11 - 11. Determine y(1).
-5
Suppose 5*d + 3*g - 21 = 4, 3*g = d - 5. Let v(m) be the third derivative of -m**4/8 + 7*m**3/6 + 3*m**2. Calculate v(d).
-8
Let l(w) = -w**3 - w - 1. Let t(k) = k**2. Let z(a) = 4*a**2 + 5*a. Let b(d) = -5*t(d) + z(d). Let m be b(4). Suppose 0 = 3*r + m - 1. Calculate l(r).
1
Suppose 6*q = 3*q. Let c(j) be the second derivative of j**4/12 + 3*j**2 + j. Calculate c(q).
6
Let i(u) = 4*u + 10 + 3 - 10 + 1. Determine i(3).
16
Let a(q) be the third derivative of q**6/120 + q**5/10 + q**4/6 + q**3/2 + 8*q**2. Determine a(-5).
8
Let j be -2*(-1)/(-2)*-5. Let f(b) be the first derivative of -b**2/2 + 9*b - 32. Determine f(j).
4
Let t(q) = -q**3 - 6*q**2 - q - 3. Suppose 0*s = s + 6. Calculate t(s).
3
Let t(d) be the third derivative of -d**4/24 + d**3/2 + 5*d**2. Let v be (-6)/2*16/6. Let l be (-15)/(-4) + (-2)/v. Calculate t(l).
-1
Suppos